factors of c.
2, 41
Let l(y) = y**3 - 10*y**2 + 12. Let i be l(10). Let r(m) = m**2 - 9*m - 9. List the prime factors of r(i).
3
Let h be 74/6 - 1/3. Let k = 3 - 8. Let u = k + h. What are the prime factors of u?
7
Let i(d) = d**3 - d - 51 + d - d**2 + 69. List the prime factors of i(0).
2, 3
Let k(n) = -n**3 + n**2 - n + 2. Let p be k(0). Suppose -4*c - 2*x + 5 = -c, -p*c + 7 = 5*x. What are the prime factors of 4 - (-2)/(-1)*c?
2
Let j(i) = -2*i - 5*i + 2 + 7*i + 4*i**2. List the prime factors of j(-3).
2, 19
Suppose 0 = 3*z + 15, -d - 2*z - 88 = d. Let j = 67 + d. List the prime factors of j.
2, 7
Let o(r) be the first derivative of r**4/4 - r**3 - r**2/2 + 2*r + 1. Let y be o(3). Let c = 9 - y. List the prime factors of c.
2, 5
Let d(w) = w**2 - 16. What are the prime factors of d(6)?
2, 5
Let y be 12/((-4 + 0)/(-24)). Suppose y = 4*f - f. List the prime factors of f.
2, 3
Suppose -5*t = 5*o - 285, -109 - 105 = -4*t + 3*o. List the prime factors of t/1 - (-1)/(-1).
2, 3
Suppose -3*o = -6*o + 6. Let a = -1 + 4. Suppose 3*v + 35 = 5*u - o*v, -4*u - a*v = -28. List the prime factors of u.
7
Let z(i) = 2*i**2 + 51*i + 31. What are the prime factors of z(-27)?
2, 7
Suppose -d = -0*d - 3, 5*d + 3 = 3*o. What are the prime factors of o?
2, 3
Let t = -80 + 132. Let q be 115/(-13) + (-8)/t. What are the prime factors of (-2)/(-6)*-2*q?
2, 3
Let c(q) = 27*q + 47. What are the prime factors of c(10)?
317
Let d(n) = 12*n. Let g be d(-6). Let v be g/(-7) - (-2)/(-7). Let o = -1 + v. List the prime factors of o.
3
Suppose -m = -0*m - 5*x, 0 = x - 3. Let o = m + -1. Let n = o - 5. What are the prime factors of n?
3
Let f be 0 - (-2 + 3 + -2). Let w be (f - -1)*(-36)/(-8). Suppose g - w = 3. What are the prime factors of g?
2, 3
Suppose -58 = -2*q - z, -5*q + 3*z - 2*z + 159 = 0. List the prime factors of q.
31
Let x(b) = -b**3 + 4*b**2 + 8*b - 5. Let n be x(5). Let i = 6 + -11. Let w = i + n. List the prime factors of w.
5
Let s = -74 + 112. List the prime factors of s.
2, 19
Let g = -241 - -423. List the prime factors of g.
2, 7, 13
Suppose -30 = -4*f + 3*f. Suppose -4*c + 2*z + 26 = 0, -c = 2*c - 5*z - f. List the prime factors of c.
5
Let a(b) be the third derivative of b**5/60 - b**4/4 - 5*b**3/6 - 4*b**2. What are the prime factors of a(7)?
2
Suppose -5*r + 13 = v, 0*v - 7 = -5*r + v. What are the prime factors of r?
2
Suppose 4*o - 4 - 4 = 0. Suppose t + o*t = 36. Let d = t - 4. What are the prime factors of d?
2
Let g = 213 - 88. List the prime factors of g.
5
Suppose 2*k - 104 = -12. What are the prime factors of k?
2, 23
Suppose 0 = s + f - 40, -2*f + 3*f - 118 = -3*s. What are the prime factors of -2 + -3*s/(-9)?
11
Let q = -11 - -21. List the prime factors of q.
2, 5
Suppose 0 = -25*n + 872 + 1953. What are the prime factors of n?
113
Let g = 633 - 387. List the prime factors of g.
2, 3, 41
Let k = 33 - 21. Suppose 8*r - 3*r = -s + 17, -r = -2*s + k. What are the prime factors of s?
7
Let b be 10 + (0 - -2) + 0. Suppose 0 = -2*c + 3*c - b. Let g = c - 7. List the prime factors of g.
5
Let p be 161/49 - (-4)/(-14). Let d = 10 - p. What are the prime factors of d?
7
Suppose -4*n = 2*n - 150. What are the prime factors of n?
5
Suppose -5*m + 8 = 4*o, o = -3*o - 3*m + 8. List the prime factors of o.
2
List the prime factors of 1*-2*(-1048)/16.
131
Let k(d) = 7*d**2 - 5*d - 3. Let n be k(-3). Suppose o - 4*b - n = 0, 4*b - 2*b = 0. Suppose -4*x = 0, -5*c - 2*x = 5 - o. What are the prime factors of c?
2, 7
Let k(i) = i**2 - 6*i + 5. Let a be k(6). Suppose -a*d = -34 - 16. What are the prime factors of d?
2, 5
List the prime factors of -2*3/6*-24.
2, 3
Suppose -3*b + 94 + 203 = 0. List the prime factors of b.
3, 11
Suppose 0*v + 3 = 3*v, 5*z - 7 = -2*v. Let t = -8 + z. Let n = 14 + t. What are the prime factors of n?
7
Let f(n) = n**2 + 7*n + 1. Let s be f(-6). Let u = s + 7. Suppose 0*l - 10 = -u*l. What are the prime factors of l?
5
Let n = -343 + 485. List the prime factors of n.
2, 71
Let z = 36 - -4. List the prime factors of z.
2, 5
Let x(k) = 5*k**2 - 3*k - 2. What are the prime factors of x(-2)?
2, 3
Suppose -2*v = -7*v - 4*f + 23, -4*f - 7 = -5*v. Suppose m = 4*n - 126, 50 = v*n - 5*m - 53. List the prime factors of n.
31
Let u(z) = -2 - 6 - 5*z + 2. Let f be u(-4). Suppose 3*n + 3 - f = -5*h, -14 = -2*n - 2*h. What are the prime factors of n?
2, 3
Let f(z) = 2*z**2 - 6*z - 1. Let x be f(5). Suppose 2*q - 9 - x = 0. What are the prime factors of q?
2, 7
Let a = -38 - -54. Suppose -2*f = -a - 12. What are the prime factors of f?
2, 7
Suppose 5*s + 8*t = 4*t + 8, -s + 4*t = 8. Suppose 3*j = -h + 17, 3*j - 6*h + h + 13 = s. List the prime factors of j.
2
Let b be 2/(-8) - 78/(-24). Let k be 2 - -42 - (b - 3). Suppose 3*u + 3*y - k = -2*y, -3*y = -3*u + 12. List the prime factors of u.
2
Let k = -549 + 852. What are the prime factors of k?
3, 101
Let h(g) = -g**2 - 17*g - 9. List the prime factors of h(-14).
3, 11
Let r = 39 + -2. List the prime factors of r.
37
Let j(l) = -90*l**3 - l**2 - 3*l - 3. List the prime factors of j(-1).
89
Let q = 4 + -6. Let c be -1 - (8 + q)/3. List the prime factors of 2*(8 - (-6)/c).
2, 3
Suppose 0 = 4*z - 5 - 47. Let o = z + -8. List the prime factors of o.
5
Suppose -3*n + 16 = n. Suppose -5*z = 20, 2*z - z + 104 = n*d. What are the prime factors of d?
5
Let k(g) = -g**3 - 8*g**2 + 2*g + 3. List the prime factors of k(-10).
3, 61
List the prime factors of 149 + -3 + 4 + -2.
2, 37
Let n be (-4)/(-10) + 108/5. Let r be (-1)/(-3) - n/(-6). Suppose -r*k + 4 = -8. What are the prime factors of k?
3
Suppose j - 9 = -2. Let x = j + -5. What are the prime factors of x?
2
Suppose 4*u = -t + 100, -2*u + 998 - 408 = 5*t. List the prime factors of t.
2, 3, 5
Let g = -2 - -34. Suppose -6*l + 2*l + g = 0. Suppose 50 = 4*s + 3*k, 5*s - l - 53 = -3*k. List the prime factors of s.
11
Let p(x) = -8*x**3 - x + 7. Let m(h) = -16*h**3 - 2*h + 15. Let n(y) = -6*m(y) + 13*p(y). Let d be n(1). List the prime factors of -1*2 - d - -2.
2
Let n = -2 + -1. Let u = n + 3. List the prime factors of (-15 + u)*2/(-3).
2, 5
Let y(q) = 48*q**2 + 2*q + 2. What are the prime factors of y(-1)?
2, 3
Let t(z) = -z**3 - 5*z**2 + 4*z - 5. What are the prime factors of t(-6)?
7
Let b(x) = -5*x**3 + 2*x**2 - 6. Let h(v) = -2*v**3 + v**2 - 3. Let c(i) = -4*b(i) + 9*h(i). Let w be c(3). Suppose 2*k = -3*k + w. List the prime factors of k.
2, 3
Let c(a) = a**3 - 10*a**2 + 2*a - 2. Let h(l) = -l**3 + 5*l**2 - 2*l + 2. Let p be h(4). What are the prime factors of c(p)?
2, 3
Let c be (0 + -4 - -1)/(-1). Let r(f) = 2 + 0 + c + f - 3. What are the prime factors of r(6)?
2
Let j = 585 + -413. List the prime factors of j.
2, 43
Let x(v) = -16*v - 2. Suppose 3*i + h + 2 = 0, -4*h = -4*i - 0*i - 24. What are the prime factors of x(i)?
2, 3, 5
Let n = -18 - -44. Suppose -i = i - n. List the prime factors of i.
13
Suppose 0*c = -5*c + 165. List the prime factors of c.
3, 11
Let v be (-9 - -5)*1/2. List the prime factors of v*1/4*-22.
11
Let l be 0 + -7 + 10/(-5). Let m be 16/6 + 6/l. Let y(n) = n**2 + 1. What are the prime factors of y(m)?
5
Suppose -100 = 36*n - 40*n. What are the prime factors of n?
5
Let b be (4 - 2 - 4)*-1. Suppose -b*l = l. Suppose h = -l*h - 3, -5*h = k + 3. List the prime factors of k.
2, 3
Let u = 49 - 15. What are the prime factors of u?
2, 17
What are the prime factors of (((-2)/(-3))/1)/(14/3591)?
3, 19
Suppose 3*t - 68 = 103. What are the prime factors of t?
3, 19
Suppose -40 = 3*p - n - n, 11 = -p + 3*n. Let f = p - -30. List the prime factors of f.
2
Let g = -75 + 110. List the prime factors of g.
5, 7
Suppose 2*v + 2*j - 20 = 0, -4*v + 15 = -j - 45. What are the prime factors of v?
2, 7
Let w = 65 + 96. List the prime factors of w.
7, 23
Suppose 30 = 2*m + 3*m. Suppose 4*t + 2 = -m. What are the prime factors of (40/12)/(t/(-3))?
5
Let t(m) = -m**3 - 15*m**2 + 13*m - 13. What are the prime factors of t(-16)?
5, 7
Suppose -2*y - 132 = -4*y. Let o = y - 39. List the prime factors of o.
3
Suppose 2*j + 0 + 3 = t, j + 5*t - 4 = 0. Let n be (j/(-2))/(3/(-18)). What are the prime factors of (-11 + n + 6)*-1?
2
Let o(g) = 2*g**2 - 28*g + 38. What are the prime factors of o(22)?
2, 3, 5, 13
Suppose -14 = -4*q - a, -5*q + 4*a + 15 = -13. 